 + 0*p**2 + 192 + 5*p. Let w = -63 + 58. Determine h(w).
-3
Let m(o) = -o**3 + 2*o**2 + 13*o + 9. Suppose 103*v + 12*v = 575. Determine m(v).
-1
Suppose -337*f + 102 = -320*f. Let u(x) = x**2 - 7*x. Let a(y) = -y - 1. Let g(s) = 3*a(s) - u(s). What is g(f)?
-15
Let z(w) be the first derivative of w**3/3 + 15*w**2/2 - 55*w + 2824. Determine z(3).
-1
Let p(y) = -2*y**3 - 11*y**2 + 223*y + 361. Let a be p(-13). Let o(b) = 0 - 5 + 4*b + 1. What is o(a)?
-16
Let d(m) be the first derivative of -m**3/3 + m**2 + 6*m - 1044. Suppose 0 = 2*k - 4 - 6. Give d(k).
-9
Let u(i) be the second derivative of i**3/3 + 7*i**2 + 2*i + 393. What is u(-2)?
10
Let s(n) = n**3 - 2*n**2 + n - 2. Let y be (-3)/(-3*9*(-7)/(-189)). Determine s(y).
10
Let u(i) = i**2 - 4*i - 3. Let h = 413 + -416. Let p(l) = 2*l**2 - 9*l - 9. Let z(d) = h*p(d) + 8*u(d). Give z(3).
6
Let i = -501 + 521. Let q(l) = 8 + 19*l - i*l + 4. Give q(12).
0
Let t(n) = -465*n - 470. Let g be t(-1). Let o(k) = 2*k + 8. What is o(g)?
-2
Let l(c) = -6*c + 55. Let m = 1955 - 1945. Give l(m).
-5
Suppose 6 = 28*t - 25*t. Let z(s) = s**t + s + 5*s - 7 - s - 1. Suppose -10 = 2*c + 3*c, -3*o - 17 = -2*c. Give z(o).
6
Let s = 41 - 61. Let h(x) = -1851*x - 1883*x - 9 + 0 + 3753*x + 21*x**2 + x**3. Calculate h(s).
11
Let c(j) = j**3 - 6*j**2 + 6*j - 4. Let p be (42 - 5)*(1 + 0). Let k = p + -23. Suppose 5*z - 13 = -3*l - 0, -2*z = -l - k. Give c(z).
1
Let s(j) = 41*j + 44*j - 11 - 174*j + 40*j + 45*j. Calculate s(-5).
9
Let v(z) be the second derivative of z**3 - 1/2*z**2 + 0 + 5*z. Suppose -h - 1 = 1. Calculate v(h).
-13
Suppose 25*h = 45*h - 140. Let y be (-2)/(-11)*h/((-35)/(-55)). Let p(w) = 4*w**2 + 2 + 2*w - w - 2*w**2. Give p(y).
12
Let l(h) = 9*h + 3. Let q be ((-266)/114)/(35/15). Determine l(q).
-6
Let q(s) = s**3 - 4*s**2 + 2. Suppose 3 = -4*u - 1. Let j be (u/2)/(19/(-114)). Give q(j).
-7
Let y(u) be the first derivative of -1/2*u**2 - 5*u + 64. What is y(-5)?
0
Let n(h) be the third derivative of h**6/60 - 3*h**5/20 + h**4/8 - 4*h**3/3 + 1767*h**2. Calculate n(5).
32
Let x(t) = t**2 + t - 1. Let l(w) = 4*w**2 - 6*w. Let n(s) = -l(s) + 3*x(s). Let i(u) = u. Let b(a) = -4*i(a) + n(a). Suppose 48*c - 77 = 37*c. What is b(c)?
-17
Let q(o) = o**2 + 10. Let x(g) = -g**3 + 11*g**2 - g + 11. Let p(b) = b**3 - 4*b**2 + 4*b - 18. Let w be p(6). Let s = -67 + w. Let z be x(s). Calculate q(z).
10
Let b(v) = 8*v**3 - v. Let o(n) = 0*n + 0*n + n**2. Suppose 0 = -4*t + u + 2, 5*u - 32 = -5*t - 67. Let x be o(t). Calculate b(x).
7
Let c = -312 - -297. Let r be 11/((-1320)/736) + (-2)/c. Let y(v) = v + 2. Calculate y(r).
-4
Suppose 62 - 2142 = 13*h. Let v be (16/(-12))/(h/(-24) - 7). Let x(k) = -k**2 + k - 5. Give x(v).
-17
Let n(m) = -m**3 + 5*m**2 - 3*m + 15. Let k be n(5). Suppose k = 4*w + 9 + 27. Let o(v) = 5 + 8 + 2*v + 0*v + 0*v. Give o(w).
-5
Let u be 0 + (-3 - -1)/(-2). Let i(r) = -3*r**2 + r. Let z be i(u). Let a(w) be the first derivative of w**3/3 - 2*w + 645. Determine a(z).
2
Let b(z) = 7 - 17 + 5 + 4 + 6 + 4*z. Determine b(-3).
-7
Let w be 13 + (-5 - (-6)/2). Suppose 0 = -4*v - w*v + 45. Let x be (-24)/(-20)*(2/4 - v). Let z(g) = g**2 + 4*g + 4. Calculate z(x).
1
Let f(y) be the second derivative of 0 - 38*y + 5/2*y**2 + 1/2*y**3. Calculate f(7).
26
Let t(f) = 4*f**2 + 55*f - 35*f**2 + 5*f**2 + 10*f**2 + 7*f**2. Let b be t(6). Let u(o) = -5 - o**3 + 8*o + 5*o**2 - 2 + 0*o**2. Calculate u(b).
5
Let d(p) = -4*p - 2. Let q(k) = -29*k - 85. Let n(b) = -4*d(b) + q(b). Let z be n(-6). Let f(j) = j - 2. What is f(z)?
-1
Let v(l) = -l + 2. Let i be v(2). Let y(q) = q + q - q + i. Let j be (9/12 - 35/(-28))/(15/15). Calculate y(j).
2
Let a(h) = -h**2 - 22*h - 39. Let s = 5589 - 5609. Give a(s).
1
Let j(g) = 33*g + 336. Let n(w) = 7*w + 70. Let d(l) = 5*j(l) - 24*n(l). Suppose -9 = -3*v + 4*v. Let b be v/(-6)*(-4)/(-6). Calculate d(b).
-3
Suppose -4*a = x - 10, -3*a = -0*a + 3*x - 12. Let q(b) = -22 + 8*b**a + b**2 - 28 + 8*b + 88 - 28 - b**3. Determine q(10).
-10
Let k be (-2)/(-3 + 2) - -2. Let q be -1*(k + 1) + 4. Let c(r) be the third derivative of 23*r**4/24 + r**3/6 - 2*r**2. Give c(q).
-22
Let b(t) = 6*t - 4. Let u(j) = j. Let z(m) = -2*b(m) + 14*u(m). Let h = 583 + -592. Calculate z(h).
-10
Let h(k) = 2*k**3 - 133*k**2 + 500*k - 7. Let r be h(4). Let o(b) = -18*b**2 - 125*b. Give o(r).
-7
Let d(i) = -417315 + 834556 + i**2 - 417336 - 5*i. Determine d(13).
9
Let w(t) = -5*t + 7. Let d(x) = -x. Let n(b) = -5*d(b) + 2*w(b). Give n(4).
-6
Let w = 7 - 1. Let b(r) = 0*r - 4 - r + w + 2. Let z be (36/72)/((-1)/(-20)) + -3. Calculate b(z).
-3
Let c(x) = x**3 + 5*x**2 - 3*x - 3. Suppose -5 - 1 = -2*r, -n + 3*r = 97. Let q = 82 + n. What is c(q)?
-21
Let t(m) be the third derivative of m**7/2520 - 11*m**6/720 - m**5/40 + m**4/8 - m**3/2 - 7*m**2 + m. Let g(y) be the second derivative of t(y). Give g(10).
-13
Let n(g) be the third derivative of g**6/24 + g**5/30 - g**4/6 - g**3/3 + 6825*g**2. Give n(-3).
-107
Let h(k) be the third derivative of -k**6/360 + 5*k**4/8 - 91*k**3/6 + 103*k**2. Let l(m) be the first derivative of h(m). Let d = 3 - 3. What is l(d)?
15
Let l(f) = -16 - 24*f + 26 + 10 + 2*f**2 + 10 + 8. Calculate l(10).
-2
Let n = -87 - -26. Let q = 59 + n. Let o = q - -7. Let d(x) = x**2 - 4*x - 4. What is d(o)?
1
Let k(h) = 7*h + 80. Let a(v) = -118*v - 1076. Let n be a(-9). Calculate k(n).
-18
Let b(c) = 2*c - 8. Let i be ((-1)/(-4))/(((-119)/(-364))/17). Determine b(i).
18
Let z(r) = -10*r**2 + 26652*r**3 - 26650*r**3 - 8 + 14*r + 26*r**2. Give z(-7).
-8
Suppose -10236*y - 128 = -10268*y. Let c(q) = 3*q**2 - q - 47. Calculate c(y).
-3
Let q(h) = -h**3 - 5*h**2 - 6*h + 2. Let o be q(-3). Let d(u) = -6*u**2 - 3*u**o + 1 + 8*u**2 - 8*u + 2*u. Calculate d(-6).
1
Let r(a) = a - 3. Suppose -4*w = -7*d + 2*d - 16, -4*w + 16 = -3*d. Suppose d = -5*x - 2*v + 19, 13 = 5*x - 3*v + 4. What is r(x)?
0
Let p(g) be the third derivative of g**6/120 - 2*g**5/15 + 5*g**3/6 + g**2. Let q be 17 + (218/(-12) - (-10)/60) + 9. What is p(q)?
5
Let w(t) = 10*t**2 + 5*t + 5. Let r(f) = f**3 + 11*f**2 - 26*f - 1. Let g be r(-13). What is w(g)?
10
Let v be (3/7)/1 - (3536/(-112) - -20). Let b(l) = 4*l - 51. Determine b(v).
-3
Let a(z) be the third derivative of 0*z + 2*z**3 + 11*z**2 + 1/3*z**4 + 0 + 1/360*z**6 + 1/20*z**5. Let b(m) be the first derivative of a(m). Calculate b(-6).
8
Let v(p) be the third derivative of -6*p**2 + 0*p + 0 + 1/12*p**4 - 1/2*p**3. Let g = -2594 + 2599. Calculate v(g).
7
Let g(v) = 14*v - 1. Let o = 5252 + -5249. Let q(z) = -z**2 + 7*z - 6. Let h be q(6). Suppose -o = 12*d - 15*d + 3*w, 5*d - 3*w - 1 = h. Give g(d).
-15
Let j(o) = 12*o**2 - 16. Let x(w) = 10*w**2 + w - 14. Let t(z) = 4*j(z) - 5*x(z). Let g(m) = m**3 - 4*m**2 - m - 1. Let b be g(4). Calculate t(b).
-19
Let p(v) = 2*v**2 + 7*v - 15. Let q(s) = -10*s**2 - 6*s + 11. Let l(u) = 2*p(u) + 3*q(u). Give l(2).
-109
Let n(s) = -3*s**2 + 88*s + 87. Let y be n(37). Let i = -769 - y. Let w(r) = -r**3 - 3*r**2 + 5*r - 3. Give w(i).
22
Let f(t) = -t**3 - 8*t**2 - 5*t + 8. Let u = -103 + 133. Let c be u/(-4)*36/(-54). Suppose -c*d - 28 = -d. What is f(d)?
-6
Let h be (24/(-6 - -10) - 2) + 0. Let g(k) = 3 + h - 16 - k + 2*k + 7. Determine g(6).
4
Let i(k) = -3*k - 61. Suppose 0 = 2*p - 4*h + 20, -p + 5 = -21*h + 16*h. Let x be i(p). Let q(l) = -25*l**2 + l. Determine q(x).
-26
Let b be (12 - 8)*12*8/48. Let n(s) = -6*s + 65. Determine n(b).
17
Let d be ((-6)/14)/((-100)/(-700)). Let w(z) = -2*z**2 - 9*z - 10. What is w(d)?
-1
Let p(m) be the third derivative of -m**7/1260 + 7*m**6/240 + 7*m**5/20 + m**4/12 + m**2 + 62. Let n(d) be the third derivative of p(d). Calculate n(4).
5
Let q be (-9)/6*(-4)/3. Let j(s) = -2253*s - 3. Let g(c) = -3940*c - 5. Let f(d) = -4*g(d) + 7*j(d). What is f(q)?
-23
Let u(z) = 2*z - 8. Let y = -870 + 1238. Let m = y - 363. Determine u(m).
2
Let n(h) = -2*h**2 - 5*h + 12. Let r = -8863 - -8859. What is n(r)?
0
Let g(l) = 7*l - 3*l - 304 - 3*l**2 + 297 + 4*l**2. Let n(d) = 6*d**2 + 13*d + 6*d - 10 - 26. Let o(u) = 11*g(u) - 2*n(u). Calculate o(7).
-12
Let o(s) = -s**2 + 4*s + 19. Suppose -9 = -3*i - 2*g + 3, -15 = 5*g. Calculate o(i).
7
Let t(y) = -6*y + 4 - 4 - 4 - 2*y**2. Let s(o) = 146*o + 92. Let w be s(2). Suppose -